s digit of l?
2
Suppose 0*i = 5*n + 2*i + 14, n - 4*i + 16 = 0. Let w = n + 16. What is the units digit of w?
2
What is the units digit of 7/((-56)/160 - (-4)/10)?
0
Suppose 53 = 5*i - 57. Suppose y - i = -5. What is the tens digit of y?
1
Let d be (-164)/(-16) + (-1)/4. Suppose f + q = 4*f - d, -5*f = -2*q - 16. Suppose f*g - 32 = -b + 4*b, -5*g - 3*b = -40. What is the units digit of g?
8
Let n = -51 + 86. What is the tens digit of n?
3
Let x = -31 - -53. Suppose j = m - j - x, 5*j + 31 = m. What is the tens digit of m?
1
Let v(h) = -h**3 - 5*h**2 + 2. Suppose 20 - 5 = -3*c. Let f be v(c). Let p = 3 - f. What is the units digit of p?
1
Let l(r) = 35*r**3 + 1. What is the tens digit of l(1)?
3
Suppose 0*s = -2*s + p + 227, 3*p = 2*s - 225. What is the hundreds digit of s?
1
Suppose -4*c = 3*z - 28, z + 12 = -c + 5*z. What is the units digit of c?
4
Let b = -20 + 41. Suppose -4*k = 4*f + 12, -k - 5*f = -2*k + b. What is the units digit of k?
1
Let c be (1 - 3/6)*-68. Let v = c - -55. What is the tens digit of v?
2
Let n(d) = d - 2. What is the units digit of n(4)?
2
Let s(m) = -m**3 - 8*m**2 - 7*m + 8. What is the tens digit of s(-8)?
6
Let y = -19 + 28. Let z be 11/y - (-4)/(-18). Let l = 0 + z. What is the units digit of l?
1
What is the units digit of (474/30)/((-3)/(-15))?
9
Suppose 3*s + 15 = 0, -3*l - 9 = -2*s + 5*s. Let p be (2 - l - -2) + -24. What is the units digit of (-10)/(-55) - 282/p?
3
Suppose -2*r - 2*u = -0*u - 42, 4*u = 12. Suppose j + 4*j = 2*z - r, 5*j + 22 = -2*z. What is the units digit of (2/6)/(z/(-6))?
2
Let b be (-1 + 0)/(6/(-12)). Suppose -m + 3*h + 13 = h, -b*h = m - 29. What is the units digit of m?
1
Suppose -340 + 1187 = 5*t - 2*z, 506 = 3*t + z. What is the hundreds digit of t?
1
Suppose -2*f - 2*p = -220, -4*f + 3*p = -9*f + 550. What is the tens digit of f?
1
Let s be (-5)/((-3)/(6/2)). Suppose 3*x - 13 = w + 96, 176 = s*x + 4*w. What is the tens digit of x?
3
Let s(h) = h**2 - h + 9. Let n be -1 + (-1 - -1) + 1. What is the units digit of s(n)?
9
Let t be (-88)/(-4)*3/(-2). Let a = 75 + t. What is the units digit of a?
2
Let i = -100 - -197. What is the units digit of i?
7
Suppose 0 = 6*j - j - 50. What is the units digit of j?
0
Let x = 13 + -2. Suppose -2*m + x = -7. What is the units digit of m?
9
Let s(p) = 6*p - 9. Let v be 1/3 + 34/6. Let n be s(v). What is the units digit of 2/3*n/6?
3
Suppose 12*s - 1608 = -0*s. What is the tens digit of s?
3
Let t(u) = -u + 3. Let m = 5 + -3. Let k be t(m). Let y = 0 + k. What is the units digit of y?
1
Let c be (6 - 6)*(-2)/4. Suppose k = -c*k - 4*r + 24, -4*r = 3*k - 32. Let j(d) = 2*d + 5. What is the tens digit of j(k)?
1
Let h(r) = 4*r**3 - 2*r**2 - r - 1. What is the units digit of h(2)?
1
Suppose 0 = -n + 2*m - 20, -n + m - 13 = 7. Let d = 5 - n. What is the tens digit of d?
2
Suppose 4*v - 12*v + 3296 = 0. What is the tens digit of v?
1
Suppose 2*s - 5*u - 24 = 6*s, 5*u = 2*s - 18. What is the units digit of 1/(-3*s/39)?
3
Suppose -5*g = 0, 350 = 5*h + 2*g - 3*g. What is the units digit of h?
0
Suppose -3*v = 7*v - 1110. What is the units digit of v?
1
Suppose 0 = -5*y + 6*f - f + 15, -2*y = -3*f - 9. Suppose y = -w - w + 2. What is the units digit of w?
1
Suppose 0 = -o - 2*o + 135. Suppose -o = d - 4*d. What is the tens digit of d?
1
Let k(o) = -47*o - 12. What is the units digit of k(-2)?
2
Let k = -1 + -2. What is the units digit of (2 - k) + (2 - 4)?
3
What is the tens digit of 42 + (3 + 1 - 2)?
4
Let k = 1 - 4. Let z be (5/k)/((-6)/126). Suppose 2*c + 14 = -3*l + z, -l + 24 = -5*c. What is the units digit of l?
9
Let h(c) = c**3 - c + 10. Let k be ((-4)/8)/((-1)/(-4)). Let l be (0/k)/(1 + 1). What is the tens digit of h(l)?
1
Let l = -132 - -200. What is the units digit of l?
8
Let m(i) = 2*i**3 - 7*i**2 + i + 5. What is the units digit of m(5)?
5
What is the hundreds digit of 4 - 4*-59 - 2?
2
Suppose 0 = -0*d + d - 5. What is the units digit of d + -4 + 3/1?
4
Let l = -32 + 48. Let s = -9 + l. What is the units digit of s?
7
Suppose 5*p - 8 = 17. Let j = 10 - p. What is the units digit of j?
5
Let s = -51 - -84. What is the tens digit of s?
3
Suppose 3*h - 14 = 4*v + 15, -4*h + 24 = 2*v. What is the units digit of h?
7
Let m = -4 - -10. What is the units digit of m?
6
Suppose -q + 4*k = -31, 0*q - 5*k = 4*q - 103. Suppose 5*f + 1 = -4*x, 2*x - f = 2*f + q. What is the tens digit of 22/(-8)*(2 - x)?
1
Suppose -9*v - 8*v = -1649. What is the units digit of v?
7
Suppose -z - 2*z + 197 = -5*x, x - 291 = -5*z. Let a(n) = 2*n - 3. Let u be a(4). Suppose -2*v - u*q + 40 = 3, -4*v + z = 5*q. What is the units digit of v?
1
Let u(w) = -w**2 + w + 23. What is the units digit of u(0)?
3
Let k(z) = -3*z. Let g be k(-1). Suppose 1 = 2*l - g*u, -2*l + 3*u = 3*l - 16. What is the units digit of l?
5
Suppose l + 3 = -1. What is the units digit of (14/l + 2)*-8?
2
Let i be -1*(138 + 2)/(-2). What is the units digit of 2/8 + i/8?
9
Let l be -2*((-15)/3 + 2). Suppose 2*t = -a + 2, 2*t + l = 3*a + 3*t. Suppose -s + 6 = a. What is the units digit of s?
4
Suppose 4*b - 10 = 58. What is the tens digit of b?
1
Let p = 141 - 95. What is the units digit of p?
6
Suppose -i - 2*j = -7*j - 31, 4*i + j = 124. Suppose -4*u + 57 = -i. Suppose -u = -2*r - 2*b, r - 3*b + 3 = 2. What is the units digit of r?
8
Let o(m) be the third derivative of -m**4/8 + m**2. What is the units digit of o(-2)?
6
Let z(g) = g + 5. Let b be z(-6). Let f = 2 - -1. What is the units digit of b/(f/3) + 6?
5
Suppose -2*z + 9*z = 2604. What is the hundreds digit of z?
3
Let j(a) = a**2 + 2*a + 3. Let u be j(-2). Suppose 0*r - 45 = -u*r. What is the tens digit of r?
1
Let k = -50 + 72. What is the units digit of k?
2
Let m(n) = -n**3 + n**2 + n + 1. Let j be m(0). What is the tens digit of ((-4)/5)/(j/(-15))?
1
Suppose 0 = -2*a + w + 260, -2*a - 70 = 3*w - 322. What is the hundreds digit of a?
1
Suppose 5*f = 21 + 4. Suppose -4*i = f*b - 49 - 12, 3*b - 2*i = 19. Suppose -6 = -5*g + b. What is the units digit of g?
3
What is the units digit of (-61 - -4)/(-3) + 0?
9
Suppose 12*q - 17*q + 165 = 0. What is the units digit of q?
3
What is the units digit of (74/(-4))/(1/(-2))?
7
Suppose n - 8 = 1. What is the units digit of n?
9
Suppose -2*c + 9 - 3 = 0. Suppose -4*u = c*i - 40, 3*i - 8*i = 3*u - 74. What is the tens digit of i?
1
Suppose -538 = -3*b - 2*z + 6*z, 0 = b - 5*z - 194. What is the hundreds digit of b?
1
Suppose 3*b + 0*b - 39 = -3*a, -5*a - 3*b = -75. What is the tens digit of a?
1
Suppose 0*k = 5*k - 65. Suppose 0 = -7*g + 2*g - 3*v + 20, -2*g = -4*v - 8. Suppose g*w = -5*q + 2*q + 16, -2*q = 3*w - k. What is the units digit of w?
7
Let w = 1 + -1. Let s(u) = 5*u**2 - 5*u**2 + u**2 + 10. What is the units digit of s(w)?
0
Suppose 3*o - 22 = 5*l, 0 = 4*l + 14 + 6. What is the tens digit of (-2)/((-2)/9) - o?
1
Let j(d) = -11*d. Suppose -40*l + 6 = -43*l. What is the tens digit of j(l)?
2
Let p = -3 + 15. Suppose p = -0*t + 3*t. What is the units digit of t?
4
Let t = -150 + 251. What is the tens digit of t?
0
Let c(h) = 0*h + 5*h - 4*h + 10. What is the units digit of c(-7)?
3
Suppose -v = 4*x - 15, -v - 2*v - 4*x = -13. Let p be -1 - (2 - (-5)/v). Suppose 3*w = -5*m + 28, 5*m - p*m - 6 = 0. What is the units digit of w?
6
Suppose 0 = -3*p + 4*v + 113, 0 = -0*p - 4*p + 3*v + 139. What is the tens digit of p?
3
Let x(h) = -h**3 + 5*h**2 - h - 1. Let g be x(5). What is the units digit of (-3)/6*g - 2?
1
Let q = 2 - 4. Let d be 4/(-8)*24/q. Suppose 2*m - d = -0*m. What is the units digit of m?
3
Suppose 2*i + 120 = 3*z - 21, 0 = 3*z + i - 132. Suppose 4*q - z = -q. What is the units digit of q?
9
Let l = 3 - 3. Suppose -3*u = 3*a + a - 69, l = 2*a + 3*u - 27. What is the tens digit of a?
2
Suppose -2*q + 7*q = 60. What is the units digit of (q - 3/(-1)) + -2?
3
Suppose i = 2*i + 1. Let j = i - -4. What is the tens digit of (-1 + 0)/(j/(-30))?
1
Let r(k) = 3*k + 3. What is the tens digit of r(4)?
1
Let t = 113 + -81. What is the tens digit of t?
3
Let p = 4 - 1. Suppose -p*v - 1 = -3*z + 5, 0 = 2*v - z. What is the units digit of v?
2
Let x(v) = v**3 - 5*v**2 + v - 1. Suppose u + 3*i + 40 = 6*u, 3*u - 30 = 3*i. Let z be x(u). Suppose -3*n + z = -n, 14 = r + 2*n. What is the units digit of r?
0
What i